{"id":1754,"date":"2025-05-21T14:40:38","date_gmt":"2025-05-21T14:40:38","guid":{"rendered":"https:\/\/qtgc.com\/menu\/?page_id=1754"},"modified":"2026-01-08T23:03:40","modified_gmt":"2026-01-08T23:03:40","slug":"responsabilidad-social","status":"publish","type":"page","link":"https:\/\/qtgc.com\/menu\/responsabilidad-social\/","title":{"rendered":"RESPONSABILIDAD SOCIAL"},"content":{"rendered":"\t\t<div data-elementor-type=\"wp-page\" data-elementor-id=\"1754\" class=\"elementor elementor-1754\" data-elementor-post-type=\"page\">\n\t\t\t\t<div class=\"elementor-element elementor-element-26b1fd1 e-con-full e-flex e-con e-parent\" data-id=\"26b1fd1\" data-element_type=\"container\" data-e-type=\"container\" data-settings=\"{&quot;background_background&quot;:&quot;classic&quot;}\">\n\t\t<div class=\"elementor-element elementor-element-2db096f e-con-full e-flex e-con e-child\" data-id=\"2db096f\" data-element_type=\"container\" data-e-type=\"container\" data-settings=\"{&quot;background_background&quot;:&quot;classic&quot;}\">\n\t\t\t\t<div class=\"elementor-element elementor-element-b89b156 elementor-widget elementor-widget-heading\" data-id=\"b89b156\" data-element_type=\"widget\" data-e-type=\"widget\" data-widget_type=\"heading.default\">\n\t\t\t\t<div class=\"elementor-widget-container\">\n\t\t\t\t\t<h1 class=\"elementor-heading-title elementor-size-default\">PEQUE\u00d1OS GESTOS\n<br><b>GRANDES\nIMPACTOS<\/b><\/h1>\t\t\t\t<\/div>\n\t\t\t\t<\/div>\n\t\t\t\t<div class=\"elementor-element elementor-element-bf2a345 elementor-widget-mobile__width-initial elementor-widget elementor-widget-text-editor\" data-id=\"bf2a345\" data-element_type=\"widget\" data-e-type=\"widget\" data-widget_type=\"text-editor.default\">\n\t\t\t\t<div class=\"elementor-widget-container\">\n\t\t\t\t\t\t\t\t\t<p>En el Quito Tenis y Golf Club creemos que cada acci\u00f3n cuenta.<br \/>Importantes acciones que construyen un futuro sostenible.<\/p>\t\t\t\t\t\t\t\t<\/div>\n\t\t\t\t<\/div>\n\t\t\t\t<div class=\"elementor-element elementor-element-9b8440d elementor-widget elementor-widget-n-accordion\" data-id=\"9b8440d\" data-element_type=\"widget\" data-e-type=\"widget\" data-settings=\"{&quot;default_state&quot;:&quot;all_collapsed&quot;,&quot;max_items_expended&quot;:&quot;one&quot;,&quot;n_accordion_animation_duration&quot;:{&quot;unit&quot;:&quot;ms&quot;,&quot;size&quot;:400,&quot;sizes&quot;:[]}}\" data-widget_type=\"nested-accordion.default\">\n\t\t\t\t<div class=\"elementor-widget-container\">\n\t\t\t\t\t\t\t<div class=\"e-n-accordion\" aria-label=\"Accordion. Open links with Enter or Space, close with Escape, and navigate with Arrow Keys\">\n\t\t\t\t\t\t<details id=\"e-n-accordion-item-1630\" class=\"e-n-accordion-item\" >\n\t\t\t\t<summary class=\"e-n-accordion-item-title\" data-accordion-index=\"1\" tabindex=\"0\" aria-expanded=\"false\" aria-controls=\"e-n-accordion-item-1630\" >\n\t\t\t\t\t<span class='e-n-accordion-item-title-header'><div class=\"e-n-accordion-item-title-text\"> 1. Campa\u00f1as: <\/div><\/span>\n\t\t\t\t\t\t\t<span class='e-n-accordion-item-title-icon'>\n\t\t\t<span class='e-opened' ><svg aria-hidden=\"true\" class=\"e-font-icon-svg e-fas-minus\" viewBox=\"0 0 448 512\" xmlns=\"http:\/\/www.w3.org\/2000\/svg\"><path d=\"M416 208H32c-17.67 0-32 14.33-32 32v32c0 17.67 14.33 32 32 32h384c17.67 0 32-14.33 32-32v-32c0-17.67-14.33-32-32-32z\"><\/path><\/svg><\/span>\n\t\t\t<span class='e-closed'><svg aria-hidden=\"true\" class=\"e-font-icon-svg e-fas-plus\" viewBox=\"0 0 448 512\" xmlns=\"http:\/\/www.w3.org\/2000\/svg\"><path d=\"M416 208H272V64c0-17.67-14.33-32-32-32h-32c-17.67 0-32 14.33-32 32v144H32c-17.67 0-32 14.33-32 32v32c0 17.67 14.33 32 32 32h144v144c0 17.67 14.33 32 32 32h32c17.67 0 32-14.33 32-32V304h144c17.67 0 32-14.33 32-32v-32c0-17.67-14.33-32-32-32z\"><\/path><\/svg><\/span>\n\t\t<\/span>\n\n\t\t\t\t\t\t<\/summary>\n\t\t\t\t<div role=\"region\" aria-labelledby=\"e-n-accordion-item-1630\" class=\"elementor-element elementor-element-6f24b73 e-con-full e-flex e-con e-child\" data-id=\"6f24b73\" data-element_type=\"container\" data-e-type=\"container\">\n\t\t<div role=\"region\" aria-labelledby=\"e-n-accordion-item-1630\" class=\"elementor-element elementor-element-a87ac38 e-con-full e-flex e-con e-child\" data-id=\"a87ac38\" data-element_type=\"container\" data-e-type=\"container\">\n\t\t\t\t<div class=\"elementor-element elementor-element-f0ec5ea elementor-widget elementor-widget-image\" data-id=\"f0ec5ea\" data-element_type=\"widget\" data-e-type=\"widget\" data-widget_type=\"image.default\">\n\t\t\t\t<div class=\"elementor-widget-container\">\n\t\t\t\t\t\t\t\t\t\t\t\t\t\t\t<img fetchpriority=\"high\" decoding=\"async\" width=\"800\" height=\"800\" src=\"https:\/\/qtgc.com\/menu\/wp-content\/uploads\/2025\/09\/WhatsApp-Image-2025-09-17-at-17.16.35-1-1024x1024.jpeg\" class=\"attachment-large size-large wp-image-3171\" alt=\"\" srcset=\"https:\/\/qtgc.com\/menu\/wp-content\/uploads\/2025\/09\/WhatsApp-Image-2025-09-17-at-17.16.35-1-1024x1024.jpeg 1024w, https:\/\/qtgc.com\/menu\/wp-content\/uploads\/2025\/09\/WhatsApp-Image-2025-09-17-at-17.16.35-1-300x300.jpeg 300w, https:\/\/qtgc.com\/menu\/wp-content\/uploads\/2025\/09\/WhatsApp-Image-2025-09-17-at-17.16.35-1-150x150.jpeg 150w, https:\/\/qtgc.com\/menu\/wp-content\/uploads\/2025\/09\/WhatsApp-Image-2025-09-17-at-17.16.35-1-768x768.jpeg 768w, https:\/\/qtgc.com\/menu\/wp-content\/uploads\/2025\/09\/WhatsApp-Image-2025-09-17-at-17.16.35-1.jpeg 1200w\" sizes=\"(max-width: 800px) 100vw, 800px\" \/>\t\t\t\t\t\t\t\t\t\t\t\t\t\t\t<\/div>\n\t\t\t\t<\/div>\n\t\t\t\t<\/div>\n\t\t<div role=\"region\" aria-labelledby=\"e-n-accordion-item-1630\" class=\"elementor-element elementor-element-3a4e6fd e-con-full e-flex e-con e-child\" data-id=\"3a4e6fd\" data-element_type=\"container\" data-e-type=\"container\">\n\t\t\t\t<div class=\"elementor-element elementor-element-a47b668 elementor-widget elementor-widget-image\" data-id=\"a47b668\" data-element_type=\"widget\" data-e-type=\"widget\" data-widget_type=\"image.default\">\n\t\t\t\t<div class=\"elementor-widget-container\">\n\t\t\t\t\t\t\t\t\t\t\t\t\t\t\t<img decoding=\"async\" width=\"800\" height=\"800\" data-src=\"https:\/\/qtgc.com\/menu\/wp-content\/uploads\/2025\/09\/WhatsApp-Image-2025-09-17-at-17.16.35-1024x1024.jpg\" class=\"attachment-large size-large wp-image-3168 lazyload\" alt=\"\" data-srcset=\"https:\/\/qtgc.com\/menu\/wp-content\/uploads\/2025\/09\/WhatsApp-Image-2025-09-17-at-17.16.35-1024x1024.jpg 1024w, https:\/\/qtgc.com\/menu\/wp-content\/uploads\/2025\/09\/WhatsApp-Image-2025-09-17-at-17.16.35-300x300.jpg 300w, https:\/\/qtgc.com\/menu\/wp-content\/uploads\/2025\/09\/WhatsApp-Image-2025-09-17-at-17.16.35-150x150.jpg 150w, https:\/\/qtgc.com\/menu\/wp-content\/uploads\/2025\/09\/WhatsApp-Image-2025-09-17-at-17.16.35-768x768.jpg 768w, https:\/\/qtgc.com\/menu\/wp-content\/uploads\/2025\/09\/WhatsApp-Image-2025-09-17-at-17.16.35.jpg 1200w\" data-sizes=\"(max-width: 800px) 100vw, 800px\" src=\"data:image\/svg+xml;base64,PHN2ZyB3aWR0aD0iMSIgaGVpZ2h0PSIxIiB4bWxucz0iaHR0cDovL3d3dy53My5vcmcvMjAwMC9zdmciPjwvc3ZnPg==\" style=\"--smush-placeholder-width: 800px; --smush-placeholder-aspect-ratio: 800\/800;\" \/>\t\t\t\t\t\t\t\t\t\t\t\t\t\t\t<\/div>\n\t\t\t\t<\/div>\n\t\t\t\t<\/div>\n\t\t\t\t<\/div>\n\t\t\t\t\t<\/details>\n\t\t\t\t\t\t<details id=\"e-n-accordion-item-1631\" class=\"e-n-accordion-item\" >\n\t\t\t\t<summary class=\"e-n-accordion-item-title\" data-accordion-index=\"2\" tabindex=\"-1\" aria-expanded=\"false\" aria-controls=\"e-n-accordion-item-1631\" >\n\t\t\t\t\t<span class='e-n-accordion-item-title-header'><div class=\"e-n-accordion-item-title-text\"> 2. Resultados: <\/div><\/span>\n\t\t\t\t\t\t\t<span class='e-n-accordion-item-title-icon'>\n\t\t\t<span class='e-opened' ><svg aria-hidden=\"true\" class=\"e-font-icon-svg e-fas-minus\" viewBox=\"0 0 448 512\" xmlns=\"http:\/\/www.w3.org\/2000\/svg\"><path d=\"M416 208H32c-17.67 0-32 14.33-32 32v32c0 17.67 14.33 32 32 32h384c17.67 0 32-14.33 32-32v-32c0-17.67-14.33-32-32-32z\"><\/path><\/svg><\/span>\n\t\t\t<span class='e-closed'><svg aria-hidden=\"true\" class=\"e-font-icon-svg e-fas-plus\" viewBox=\"0 0 448 512\" xmlns=\"http:\/\/www.w3.org\/2000\/svg\"><path d=\"M416 208H272V64c0-17.67-14.33-32-32-32h-32c-17.67 0-32 14.33-32 32v144H32c-17.67 0-32 14.33-32 32v32c0 17.67 14.33 32 32 32h144v144c0 17.67 14.33 32 32 32h32c17.67 0 32-14.33 32-32V304h144c17.67 0 32-14.33 32-32v-32c0-17.67-14.33-32-32-32z\"><\/path><\/svg><\/span>\n\t\t<\/span>\n\n\t\t\t\t\t\t<\/summary>\n\t\t\t\t<div role=\"region\" aria-labelledby=\"e-n-accordion-item-1631\" class=\"elementor-element elementor-element-8d6dff3 e-con-full e-flex e-con e-child\" data-id=\"8d6dff3\" data-element_type=\"container\" data-e-type=\"container\">\n\t\t<div role=\"region\" aria-labelledby=\"e-n-accordion-item-1631\" class=\"elementor-element elementor-element-7bc6d8b e-con-full e-flex e-con e-child\" data-id=\"7bc6d8b\" data-element_type=\"container\" data-e-type=\"container\">\n\t\t\t\t<div class=\"elementor-element elementor-element-b227d09 elementor-widget elementor-widget-image\" data-id=\"b227d09\" data-element_type=\"widget\" data-e-type=\"widget\" data-widget_type=\"image.default\">\n\t\t\t\t<div class=\"elementor-widget-container\">\n\t\t\t\t\t\t\t\t\t\t\t\t\t\t\t<img decoding=\"async\" width=\"800\" height=\"800\" data-src=\"https:\/\/qtgc.com\/menu\/wp-content\/uploads\/2025\/09\/29-08-Compromiso-ambiental-1024x1024.jpg\" class=\"attachment-large size-large wp-image-3170 lazyload\" alt=\"\" data-srcset=\"https:\/\/qtgc.com\/menu\/wp-content\/uploads\/2025\/09\/29-08-Compromiso-ambiental-1024x1024.jpg 1024w, https:\/\/qtgc.com\/menu\/wp-content\/uploads\/2025\/09\/29-08-Compromiso-ambiental-300x300.jpg 300w, https:\/\/qtgc.com\/menu\/wp-content\/uploads\/2025\/09\/29-08-Compromiso-ambiental-150x150.jpg 150w, https:\/\/qtgc.com\/menu\/wp-content\/uploads\/2025\/09\/29-08-Compromiso-ambiental-768x768.jpg 768w, https:\/\/qtgc.com\/menu\/wp-content\/uploads\/2025\/09\/29-08-Compromiso-ambiental.jpg 1200w\" data-sizes=\"(max-width: 800px) 100vw, 800px\" src=\"data:image\/svg+xml;base64,PHN2ZyB3aWR0aD0iMSIgaGVpZ2h0PSIxIiB4bWxucz0iaHR0cDovL3d3dy53My5vcmcvMjAwMC9zdmciPjwvc3ZnPg==\" style=\"--smush-placeholder-width: 800px; --smush-placeholder-aspect-ratio: 800\/800;\" \/>\t\t\t\t\t\t\t\t\t\t\t\t\t\t\t<\/div>\n\t\t\t\t<\/div>\n\t\t\t\t<\/div>\n\t\t<div role=\"region\" aria-labelledby=\"e-n-accordion-item-1631\" class=\"elementor-element elementor-element-a1b4ec8 e-con-full e-flex e-con e-child\" data-id=\"a1b4ec8\" data-element_type=\"container\" data-e-type=\"container\">\n\t\t\t\t<div class=\"elementor-element elementor-element-73bf090 elementor-widget elementor-widget-image\" data-id=\"73bf090\" data-element_type=\"widget\" data-e-type=\"widget\" data-widget_type=\"image.default\">\n\t\t\t\t<div class=\"elementor-widget-container\">\n\t\t\t\t\t\t\t\t\t\t\t\t\t\t\t<img decoding=\"async\" width=\"800\" height=\"800\" data-src=\"https:\/\/qtgc.com\/menu\/wp-content\/uploads\/2025\/09\/Cargadores-auto-electrico-kia-1024x1024.jpg\" class=\"attachment-large size-large wp-image-3172 lazyload\" alt=\"\" data-srcset=\"https:\/\/qtgc.com\/menu\/wp-content\/uploads\/2025\/09\/Cargadores-auto-electrico-kia-1024x1024.jpg 1024w, https:\/\/qtgc.com\/menu\/wp-content\/uploads\/2025\/09\/Cargadores-auto-electrico-kia-300x300.jpg 300w, https:\/\/qtgc.com\/menu\/wp-content\/uploads\/2025\/09\/Cargadores-auto-electrico-kia-150x150.jpg 150w, https:\/\/qtgc.com\/menu\/wp-content\/uploads\/2025\/09\/Cargadores-auto-electrico-kia-768x768.jpg 768w, https:\/\/qtgc.com\/menu\/wp-content\/uploads\/2025\/09\/Cargadores-auto-electrico-kia.jpg 1200w\" data-sizes=\"(max-width: 800px) 100vw, 800px\" src=\"data:image\/svg+xml;base64,PHN2ZyB3aWR0aD0iMSIgaGVpZ2h0PSIxIiB4bWxucz0iaHR0cDovL3d3dy53My5vcmcvMjAwMC9zdmciPjwvc3ZnPg==\" style=\"--smush-placeholder-width: 800px; --smush-placeholder-aspect-ratio: 800\/800;\" \/>\t\t\t\t\t\t\t\t\t\t\t\t\t\t\t<\/div>\n\t\t\t\t<\/div>\n\t\t\t\t<\/div>\n\t\t<div role=\"region\" aria-labelledby=\"e-n-accordion-item-1631\" class=\"elementor-element elementor-element-62ef749 e-con-full e-flex e-con e-child\" data-id=\"62ef749\" data-element_type=\"container\" data-e-type=\"container\">\n\t\t\t\t<div class=\"elementor-element elementor-element-b662431 elementor-widget elementor-widget-image\" data-id=\"b662431\" data-element_type=\"widget\" data-e-type=\"widget\" data-widget_type=\"image.default\">\n\t\t\t\t<div class=\"elementor-widget-container\">\n\t\t\t\t\t\t\t\t\t\t\t\t\t\t\t<img decoding=\"async\" width=\"800\" height=\"800\" data-src=\"https:\/\/qtgc.com\/menu\/wp-content\/uploads\/2025\/09\/DONACIONES-INCENDIO-1024x1024.jpg\" class=\"attachment-large size-large wp-image-3173 lazyload\" alt=\"\" data-srcset=\"https:\/\/qtgc.com\/menu\/wp-content\/uploads\/2025\/09\/DONACIONES-INCENDIO-1024x1024.jpg 1024w, https:\/\/qtgc.com\/menu\/wp-content\/uploads\/2025\/09\/DONACIONES-INCENDIO-300x300.jpg 300w, https:\/\/qtgc.com\/menu\/wp-content\/uploads\/2025\/09\/DONACIONES-INCENDIO-150x150.jpg 150w, https:\/\/qtgc.com\/menu\/wp-content\/uploads\/2025\/09\/DONACIONES-INCENDIO-768x768.jpg 768w, https:\/\/qtgc.com\/menu\/wp-content\/uploads\/2025\/09\/DONACIONES-INCENDIO.jpg 1200w\" data-sizes=\"(max-width: 800px) 100vw, 800px\" src=\"data:image\/svg+xml;base64,PHN2ZyB3aWR0aD0iMSIgaGVpZ2h0PSIxIiB4bWxucz0iaHR0cDovL3d3dy53My5vcmcvMjAwMC9zdmciPjwvc3ZnPg==\" style=\"--smush-placeholder-width: 800px; --smush-placeholder-aspect-ratio: 800\/800;\" \/>\t\t\t\t\t\t\t\t\t\t\t\t\t\t\t<\/div>\n\t\t\t\t<\/div>\n\t\t\t\t<div class=\"elementor-element elementor-element-2a02a66 elementor-widget elementor-widget-image\" data-id=\"2a02a66\" data-element_type=\"widget\" data-e-type=\"widget\" data-widget_type=\"image.default\">\n\t\t\t\t<div class=\"elementor-widget-container\">\n\t\t\t\t\t\t\t\t\t\t\t\t\t\t\t<img decoding=\"async\" width=\"800\" height=\"800\" data-src=\"https:\/\/qtgc.com\/menu\/wp-content\/uploads\/2025\/10\/Donacion-botellas-21-octubre-1024x1024.jpg\" class=\"attachment-large size-large wp-image-3361 lazyload\" alt=\"\" data-srcset=\"https:\/\/qtgc.com\/menu\/wp-content\/uploads\/2025\/10\/Donacion-botellas-21-octubre-1024x1024.jpg 1024w, https:\/\/qtgc.com\/menu\/wp-content\/uploads\/2025\/10\/Donacion-botellas-21-octubre-300x300.jpg 300w, https:\/\/qtgc.com\/menu\/wp-content\/uploads\/2025\/10\/Donacion-botellas-21-octubre-150x150.jpg 150w, https:\/\/qtgc.com\/menu\/wp-content\/uploads\/2025\/10\/Donacion-botellas-21-octubre-768x768.jpg 768w, https:\/\/qtgc.com\/menu\/wp-content\/uploads\/2025\/10\/Donacion-botellas-21-octubre.jpg 1200w\" data-sizes=\"(max-width: 800px) 100vw, 800px\" src=\"data:image\/svg+xml;base64,PHN2ZyB3aWR0aD0iMSIgaGVpZ2h0PSIxIiB4bWxucz0iaHR0cDovL3d3dy53My5vcmcvMjAwMC9zdmciPjwvc3ZnPg==\" style=\"--smush-placeholder-width: 800px; --smush-placeholder-aspect-ratio: 800\/800;\" \/>\t\t\t\t\t\t\t\t\t\t\t\t\t\t\t<\/div>\n\t\t\t\t<\/div>\n\t\t\t\t<\/div>\n\t\t<div role=\"region\" aria-labelledby=\"e-n-accordion-item-1631\" class=\"elementor-element elementor-element-6f6586f e-con-full e-flex e-con e-child\" data-id=\"6f6586f\" data-element_type=\"container\" data-e-type=\"container\">\n\t\t\t\t<div class=\"elementor-element elementor-element-b64cd2d elementor-widget elementor-widget-image\" data-id=\"b64cd2d\" data-element_type=\"widget\" data-e-type=\"widget\" data-widget_type=\"image.default\">\n\t\t\t\t<div class=\"elementor-widget-container\">\n\t\t\t\t\t\t\t\t\t\t\t\t\t\t\t<img decoding=\"async\" width=\"800\" height=\"800\" data-src=\"https:\/\/qtgc.com\/menu\/wp-content\/uploads\/2025\/09\/Reciclaje-1024x1024.jpg\" class=\"attachment-large size-large wp-image-3174 lazyload\" alt=\"\" data-srcset=\"https:\/\/qtgc.com\/menu\/wp-content\/uploads\/2025\/09\/Reciclaje-1024x1024.jpg 1024w, https:\/\/qtgc.com\/menu\/wp-content\/uploads\/2025\/09\/Reciclaje-300x300.jpg 300w, https:\/\/qtgc.com\/menu\/wp-content\/uploads\/2025\/09\/Reciclaje-150x150.jpg 150w, https:\/\/qtgc.com\/menu\/wp-content\/uploads\/2025\/09\/Reciclaje-768x768.jpg 768w, https:\/\/qtgc.com\/menu\/wp-content\/uploads\/2025\/09\/Reciclaje.jpg 1200w\" data-sizes=\"(max-width: 800px) 100vw, 800px\" src=\"data:image\/svg+xml;base64,PHN2ZyB3aWR0aD0iMSIgaGVpZ2h0PSIxIiB4bWxucz0iaHR0cDovL3d3dy53My5vcmcvMjAwMC9zdmciPjwvc3ZnPg==\" style=\"--smush-placeholder-width: 800px; --smush-placeholder-aspect-ratio: 800\/800;\" \/>\t\t\t\t\t\t\t\t\t\t\t\t\t\t\t<\/div>\n\t\t\t\t<\/div>\n\t\t\t\t<div class=\"elementor-element elementor-element-6d194c9 elementor-widget elementor-widget-image\" data-id=\"6d194c9\" data-element_type=\"widget\" data-e-type=\"widget\" data-widget_type=\"image.default\">\n\t\t\t\t<div class=\"elementor-widget-container\">\n\t\t\t\t\t\t\t\t\t\t\t\t\t\t\t<img decoding=\"async\" width=\"800\" height=\"800\" data-src=\"https:\/\/qtgc.com\/menu\/wp-content\/uploads\/2026\/01\/Donacion-productos-a-la-Cocha-1024x1024.jpg\" class=\"attachment-large size-large wp-image-3837 lazyload\" alt=\"\" data-srcset=\"https:\/\/qtgc.com\/menu\/wp-content\/uploads\/2026\/01\/Donacion-productos-a-la-Cocha-1024x1024.jpg 1024w, https:\/\/qtgc.com\/menu\/wp-content\/uploads\/2026\/01\/Donacion-productos-a-la-Cocha-300x300.jpg 300w, https:\/\/qtgc.com\/menu\/wp-content\/uploads\/2026\/01\/Donacion-productos-a-la-Cocha-150x150.jpg 150w, https:\/\/qtgc.com\/menu\/wp-content\/uploads\/2026\/01\/Donacion-productos-a-la-Cocha-768x768.jpg 768w, https:\/\/qtgc.com\/menu\/wp-content\/uploads\/2026\/01\/Donacion-productos-a-la-Cocha.jpg 1200w\" data-sizes=\"(max-width: 800px) 100vw, 800px\" src=\"data:image\/svg+xml;base64,PHN2ZyB3aWR0aD0iMSIgaGVpZ2h0PSIxIiB4bWxucz0iaHR0cDovL3d3dy53My5vcmcvMjAwMC9zdmciPjwvc3ZnPg==\" style=\"--smush-placeholder-width: 800px; --smush-placeholder-aspect-ratio: 800\/800;\" \/>\t\t\t\t\t\t\t\t\t\t\t\t\t\t\t<\/div>\n\t\t\t\t<\/div>\n\t\t\t\t<\/div>\n\t\t\t\t<\/div>\n\t\t\t\t\t<\/details>\n\t\t\t\t\t<\/div>\n\t\t\t\t\t\t<\/div>\n\t\t\t\t<\/div>\n\t\t\t\t<div class=\"elementor-element elementor-element-527f5f8 elementor-mobile-align-center elementor-widget elementor-widget-button\" data-id=\"527f5f8\" data-element_type=\"widget\" data-e-type=\"widget\" data-widget_type=\"button.default\">\n\t\t\t\t<div class=\"elementor-widget-container\">\n\t\t\t\t\t\t\t\t\t<div class=\"elementor-button-wrapper\">\n\t\t\t\t\t<a class=\"elementor-button elementor-button-link elementor-size-sm elementor-animation-grow\" href=\"https:\/\/qtgc.com\/menu\/wp-content\/uploads\/2025\/06\/Brochure-QTGC.pdf\" target=\"_blank\">\n\t\t\t\t\t\t<span class=\"elementor-button-content-wrapper\">\n\t\t\t\t\t\t\t\t\t<span class=\"elementor-button-text\">Informe de Responsabilidad Social VER AQUI<\/span>\n\t\t\t\t\t<\/span>\n\t\t\t\t\t<\/a>\n\t\t\t\t<\/div>\n\t\t\t\t\t\t\t\t<\/div>\n\t\t\t\t<\/div>\n\t\t\t\t<\/div>\n\t\t<div class=\"elementor-element elementor-element-3d6da02 e-con-full e-flex e-con e-child\" data-id=\"3d6da02\" data-element_type=\"container\" data-e-type=\"container\" data-settings=\"{&quot;background_background&quot;:&quot;classic&quot;}\">\n\t\t<div class=\"elementor-element elementor-element-eb0eaf2 e-con-full e-grid e-con e-child\" data-id=\"eb0eaf2\" data-element_type=\"container\" data-e-type=\"container\">\n\t\t\t\t<div class=\"elementor-element elementor-element-55875c6 elementor-widget elementor-widget-image\" data-id=\"55875c6\" data-element_type=\"widget\" data-e-type=\"widget\" data-widget_type=\"image.default\">\n\t\t\t\t<div class=\"elementor-widget-container\">\n\t\t\t\t\t\t\t\t\t\t\t\t\t\t\t\t<a href=\"https:\/\/qtgc.com\/menu\/wp-content\/uploads\/2025\/05\/WhatsApp-Image-2025-05-24-at-12.12.34-PM.jpeg\" data-elementor-open-lightbox=\"yes\" data-e-action-hash=\"#elementor-action%3Aaction%3Dlightbox%26settings%3DeyJpZCI6MTkxNSwidXJsIjoiaHR0cHM6XC9cL3F0Z2MuY29tXC9tZW51XC93cC1jb250ZW50XC91cGxvYWRzXC8yMDI1XC8wNVwvV2hhdHNBcHAtSW1hZ2UtMjAyNS0wNS0yNC1hdC0xMi4xMi4zNC1QTS5qcGVnIn0%3D\">\n\t\t\t\t\t\t\t<img decoding=\"async\" width=\"1080\" height=\"1080\" data-src=\"https:\/\/qtgc.com\/menu\/wp-content\/uploads\/2025\/05\/WhatsApp-Image-2025-05-24-at-12.12.34-PM.jpeg\" class=\"attachment-full size-full wp-image-1915 lazyload\" alt=\"\" data-srcset=\"https:\/\/qtgc.com\/menu\/wp-content\/uploads\/2025\/05\/WhatsApp-Image-2025-05-24-at-12.12.34-PM.jpeg 1080w, https:\/\/qtgc.com\/menu\/wp-content\/uploads\/2025\/05\/WhatsApp-Image-2025-05-24-at-12.12.34-PM-300x300.jpeg 300w, https:\/\/qtgc.com\/menu\/wp-content\/uploads\/2025\/05\/WhatsApp-Image-2025-05-24-at-12.12.34-PM-1024x1024.jpeg 1024w, https:\/\/qtgc.com\/menu\/wp-content\/uploads\/2025\/05\/WhatsApp-Image-2025-05-24-at-12.12.34-PM-150x150.jpeg 150w, https:\/\/qtgc.com\/menu\/wp-content\/uploads\/2025\/05\/WhatsApp-Image-2025-05-24-at-12.12.34-PM-768x768.jpeg 768w\" data-sizes=\"(max-width: 1080px) 100vw, 1080px\" src=\"data:image\/svg+xml;base64,PHN2ZyB3aWR0aD0iMSIgaGVpZ2h0PSIxIiB4bWxucz0iaHR0cDovL3d3dy53My5vcmcvMjAwMC9zdmciPjwvc3ZnPg==\" style=\"--smush-placeholder-width: 1080px; --smush-placeholder-aspect-ratio: 1080\/1080;\" \/>\t\t\t\t\t\t\t\t<\/a>\n\t\t\t\t\t\t\t\t\t\t\t\t\t\t\t<\/div>\n\t\t\t\t<\/div>\n\t\t\t\t<div class=\"elementor-element elementor-element-bdc69e1 elementor-widget elementor-widget-image\" data-id=\"bdc69e1\" data-element_type=\"widget\" data-e-type=\"widget\" data-widget_type=\"image.default\">\n\t\t\t\t<div class=\"elementor-widget-container\">\n\t\t\t\t\t\t\t\t\t\t\t\t\t\t\t\t<a href=\"https:\/\/qtgc.com\/menu\/wp-content\/uploads\/2025\/05\/RRSS-4.jpeg\" data-elementor-open-lightbox=\"yes\" data-e-action-hash=\"#elementor-action%3Aaction%3Dlightbox%26settings%3DeyJpZCI6MTkxMywidXJsIjoiaHR0cHM6XC9cL3F0Z2MuY29tXC9tZW51XC93cC1jb250ZW50XC91cGxvYWRzXC8yMDI1XC8wNVwvUlJTUy00LmpwZWcifQ%3D%3D\">\n\t\t\t\t\t\t\t<img decoding=\"async\" width=\"800\" height=\"800\" data-src=\"https:\/\/qtgc.com\/menu\/wp-content\/uploads\/2025\/05\/RRSS-4-1024x1024.jpeg\" class=\"attachment-large size-large wp-image-1913 lazyload\" alt=\"\" data-srcset=\"https:\/\/qtgc.com\/menu\/wp-content\/uploads\/2025\/05\/RRSS-4-1024x1024.jpeg 1024w, https:\/\/qtgc.com\/menu\/wp-content\/uploads\/2025\/05\/RRSS-4-300x300.jpeg 300w, https:\/\/qtgc.com\/menu\/wp-content\/uploads\/2025\/05\/RRSS-4-150x150.jpeg 150w, https:\/\/qtgc.com\/menu\/wp-content\/uploads\/2025\/05\/RRSS-4-768x768.jpeg 768w, https:\/\/qtgc.com\/menu\/wp-content\/uploads\/2025\/05\/RRSS-4.jpeg 1200w\" data-sizes=\"(max-width: 800px) 100vw, 800px\" src=\"data:image\/svg+xml;base64,PHN2ZyB3aWR0aD0iMSIgaGVpZ2h0PSIxIiB4bWxucz0iaHR0cDovL3d3dy53My5vcmcvMjAwMC9zdmciPjwvc3ZnPg==\" style=\"--smush-placeholder-width: 800px; --smush-placeholder-aspect-ratio: 800\/800;\" \/>\t\t\t\t\t\t\t\t<\/a>\n\t\t\t\t\t\t\t\t\t\t\t\t\t\t\t<\/div>\n\t\t\t\t<\/div>\n\t\t\t\t<div class=\"elementor-element elementor-element-91f17da elementor-widget elementor-widget-image\" data-id=\"91f17da\" data-element_type=\"widget\" data-e-type=\"widget\" data-widget_type=\"image.default\">\n\t\t\t\t<div class=\"elementor-widget-container\">\n\t\t\t\t\t\t\t\t\t\t\t\t\t\t\t\t<a href=\"https:\/\/qtgc.com\/menu\/wp-content\/uploads\/2025\/05\/WhatsApp-Image-2025-05-24-at-12.28.16-PM.jpeg\" data-elementor-open-lightbox=\"yes\" data-e-action-hash=\"#elementor-action%3Aaction%3Dlightbox%26settings%3DeyJpZCI6MTkxMCwidXJsIjoiaHR0cHM6XC9cL3F0Z2MuY29tXC9tZW51XC93cC1jb250ZW50XC91cGxvYWRzXC8yMDI1XC8wNVwvV2hhdHNBcHAtSW1hZ2UtMjAyNS0wNS0yNC1hdC0xMi4yOC4xNi1QTS5qcGVnIn0%3D\">\n\t\t\t\t\t\t\t<img decoding=\"async\" width=\"800\" height=\"800\" data-src=\"https:\/\/qtgc.com\/menu\/wp-content\/uploads\/2025\/05\/WhatsApp-Image-2025-05-24-at-12.28.16-PM-1024x1024.jpeg\" class=\"attachment-large size-large wp-image-1910 lazyload\" alt=\"\" data-srcset=\"https:\/\/qtgc.com\/menu\/wp-content\/uploads\/2025\/05\/WhatsApp-Image-2025-05-24-at-12.28.16-PM-1024x1024.jpeg 1024w, https:\/\/qtgc.com\/menu\/wp-content\/uploads\/2025\/05\/WhatsApp-Image-2025-05-24-at-12.28.16-PM-300x300.jpeg 300w, https:\/\/qtgc.com\/menu\/wp-content\/uploads\/2025\/05\/WhatsApp-Image-2025-05-24-at-12.28.16-PM-150x150.jpeg 150w, https:\/\/qtgc.com\/menu\/wp-content\/uploads\/2025\/05\/WhatsApp-Image-2025-05-24-at-12.28.16-PM-768x768.jpeg 768w, https:\/\/qtgc.com\/menu\/wp-content\/uploads\/2025\/05\/WhatsApp-Image-2025-05-24-at-12.28.16-PM.jpeg 1200w\" data-sizes=\"(max-width: 800px) 100vw, 800px\" src=\"data:image\/svg+xml;base64,PHN2ZyB3aWR0aD0iMSIgaGVpZ2h0PSIxIiB4bWxucz0iaHR0cDovL3d3dy53My5vcmcvMjAwMC9zdmciPjwvc3ZnPg==\" style=\"--smush-placeholder-width: 800px; --smush-placeholder-aspect-ratio: 800\/800;\" \/>\t\t\t\t\t\t\t\t<\/a>\n\t\t\t\t\t\t\t\t\t\t\t\t\t\t\t<\/div>\n\t\t\t\t<\/div>\n\t\t\t\t<\/div>\n\t\t\t\t<\/div>\n\t\t\t\t<\/div>\n\t\t\t\t<\/div>\n\t\t","protected":false},"excerpt":{"rendered":"<p>PEQUE\u00d1OS GESTOS GRANDES IMPACTOS En el Quito Tenis y Golf Club creemos que cada acci\u00f3n cuenta.Importantes acciones que construyen un futuro sostenible. 1. Campa\u00f1as: 2. Resultados: Informe de Responsabilidad Social VER AQUI<\/p>\n","protected":false},"author":1,"featured_media":0,"parent":0,"menu_order":0,"comment_status":"closed","ping_status":"closed","template":"elementor_header_footer","meta":{"footnotes":""},"class_list":["post-1754","page","type-page","status-publish","hentry"],"_links":{"self":[{"href":"https:\/\/qtgc.com\/menu\/wp-json\/wp\/v2\/pages\/1754","targetHints":{"allow":["GET"]}}],"collection":[{"href":"https:\/\/qtgc.com\/menu\/wp-json\/wp\/v2\/pages"}],"about":[{"href":"https:\/\/qtgc.com\/menu\/wp-json\/wp\/v2\/types\/page"}],"author":[{"embeddable":true,"href":"https:\/\/qtgc.com\/menu\/wp-json\/wp\/v2\/users\/1"}],"replies":[{"embeddable":true,"href":"https:\/\/qtgc.com\/menu\/wp-json\/wp\/v2\/comments?post=1754"}],"version-history":[{"count":64,"href":"https:\/\/qtgc.com\/menu\/wp-json\/wp\/v2\/pages\/1754\/revisions"}],"predecessor-version":[{"id":3840,"href":"https:\/\/qtgc.com\/menu\/wp-json\/wp\/v2\/pages\/1754\/revisions\/3840"}],"wp:attachment":[{"href":"https:\/\/qtgc.com\/menu\/wp-json\/wp\/v2\/media?parent=1754"}],"curies":[{"name":"wp","href":"https:\/\/api.w.org\/{rel}","templated":true}]}}