{"id":2080,"date":"2025-06-04T15:25:05","date_gmt":"2025-06-04T15:25:05","guid":{"rendered":"https:\/\/qtgc.com\/menu\/?page_id=2080"},"modified":"2026-04-22T00:35:31","modified_gmt":"2026-04-22T00:35:31","slug":"noticias","status":"publish","type":"page","link":"https:\/\/qtgc.com\/menu\/noticias\/","title":{"rendered":"NOTICIAS"},"content":{"rendered":"\t\t<div data-elementor-type=\"wp-page\" data-elementor-id=\"2080\" class=\"elementor elementor-2080\" data-elementor-post-type=\"page\">\n\t\t\t\t<div class=\"elementor-element elementor-element-240757c e-con-full e-flex e-con e-parent\" data-id=\"240757c\" data-element_type=\"container\" data-e-type=\"container\" data-settings=\"{&quot;background_background&quot;:&quot;classic&quot;}\">\n\t\t<div class=\"elementor-element elementor-element-abddbaf e-con-full e-flex e-con e-child\" data-id=\"abddbaf\" data-element_type=\"container\" data-e-type=\"container\" data-settings=\"{&quot;background_background&quot;:&quot;classic&quot;}\">\n\t\t\t\t<div class=\"elementor-element elementor-element-ae87424 elementor-widget elementor-widget-heading\" data-id=\"ae87424\" data-element_type=\"widget\" data-e-type=\"widget\" data-widget_type=\"heading.default\">\n\t\t\t\t<div class=\"elementor-widget-container\">\n\t\t\t\t\t<h1 class=\"elementor-heading-title elementor-size-default\">NOTICIAS<\/h1>\t\t\t\t<\/div>\n\t\t\t\t<\/div>\n\t\t\t\t<div class=\"elementor-element elementor-element-abca475 elementor-widget-mobile__width-initial elementor-widget elementor-widget-text-editor\" data-id=\"abca475\" data-element_type=\"widget\" data-e-type=\"widget\" data-widget_type=\"text-editor.default\">\n\t\t\t\t<div class=\"elementor-widget-container\">\n\t\t\t\t\t\t\t\t\t<p>Te mantendremos al tanto de nuestra agenda de fin de semana, notificaciones, oferta gastron\u00f3mica, convocatorias y mucho m\u00e1s.<\/p><p><strong>En el QTGC la Comunicaci\u00f3n es importante. <\/strong><\/p>\t\t\t\t\t\t\t\t<\/div>\n\t\t\t\t<\/div>\n\t\t\t\t<div class=\"elementor-element elementor-element-4480bf7 elementor-mobile-align-center elementor-widget elementor-widget-button\" data-id=\"4480bf7\" data-element_type=\"widget\" data-e-type=\"widget\" data-widget_type=\"button.default\">\n\t\t\t\t<div class=\"elementor-widget-container\">\n\t\t\t\t\t\t\t\t\t<div class=\"elementor-button-wrapper\">\n\t\t\t\t\t<a class=\"elementor-button elementor-button-link elementor-size-sm elementor-animation-grow\" href=\"https:\/\/qtgc.com\/menu\/eventos-deportivos\/\" target=\"_blank\">\n\t\t\t\t\t\t<span class=\"elementor-button-content-wrapper\">\n\t\t\t\t\t\t\t\t\t<span class=\"elementor-button-text\">Noticias Deportivas<\/span>\n\t\t\t\t\t<\/span>\n\t\t\t\t\t<\/a>\n\t\t\t\t<\/div>\n\t\t\t\t\t\t\t\t<\/div>\n\t\t\t\t<\/div>\n\t\t\t\t<\/div>\n\t\t<div class=\"elementor-element elementor-element-0629b53 e-con-full e-flex e-con e-child\" data-id=\"0629b53\" data-element_type=\"container\" data-e-type=\"container\" data-settings=\"{&quot;background_background&quot;:&quot;classic&quot;}\">\n\t\t<div class=\"elementor-element elementor-element-85a2d97 e-con-full e-grid e-con e-child\" data-id=\"85a2d97\" data-element_type=\"container\" data-e-type=\"container\">\n\t\t\t\t<div class=\"elementor-element elementor-element-878d286 elementor-widget elementor-widget-cartelera_image_expiration_only_widget\" data-id=\"878d286\" data-element_type=\"widget\" data-e-type=\"widget\" data-widget_type=\"cartelera_image_expiration_only_widget.default\">\n\t\t\t\t<div class=\"elementor-widget-container\">\n\t\t\t\t\t<a href='https:\/\/qtgc.com\/menu\/wp-content\/uploads\/2025\/10\/Celebra-Tus-Fiestas_QTGC.jpg'><img fetchpriority=\"high\" decoding=\"async\" width=\"1200\" height=\"1200\" src=\"https:\/\/qtgc.com\/menu\/wp-content\/uploads\/2025\/10\/Celebra-Tus-Fiestas_QTGC.jpg\" class=\"attachment-full size-full\" alt=\"\" srcset=\"https:\/\/qtgc.com\/menu\/wp-content\/uploads\/2025\/10\/Celebra-Tus-Fiestas_QTGC.jpg 1200w, https:\/\/qtgc.com\/menu\/wp-content\/uploads\/2025\/10\/Celebra-Tus-Fiestas_QTGC-300x300.jpg 300w, https:\/\/qtgc.com\/menu\/wp-content\/uploads\/2025\/10\/Celebra-Tus-Fiestas_QTGC-1024x1024.jpg 1024w, https:\/\/qtgc.com\/menu\/wp-content\/uploads\/2025\/10\/Celebra-Tus-Fiestas_QTGC-150x150.jpg 150w, https:\/\/qtgc.com\/menu\/wp-content\/uploads\/2025\/10\/Celebra-Tus-Fiestas_QTGC-768x768.jpg 768w, https:\/\/qtgc.com\/menu\/wp-content\/uploads\/2025\/10\/elementor\/thumbs\/Celebra-Tus-Fiestas_QTGC-rdxwtdpm371zk7qwtl0shciguwlec1u1lhlffp73q8.jpg 400w\" sizes=\"(max-width: 1200px) 100vw, 1200px\" \/><\/a>\t\t\t\t<\/div>\n\t\t\t\t<\/div>\n\t\t\t\t<div class=\"elementor-element elementor-element-99336db elementor-widget elementor-widget-cartelera_image_expiration_only_widget\" data-id=\"99336db\" data-element_type=\"widget\" data-e-type=\"widget\" data-widget_type=\"cartelera_image_expiration_only_widget.default\">\n\t\t\t\t<div class=\"elementor-widget-container\">\n\t\t\t\t\t<a href='https:\/\/qtgc.com\/menu\/wp-content\/uploads\/2026\/04\/IV-Concurso-de-criadores-caballo-espanol.jpg'><img decoding=\"async\" width=\"1080\" height=\"1080\" data-src=\"https:\/\/qtgc.com\/menu\/wp-content\/uploads\/2026\/04\/IV-Concurso-de-criadores-caballo-espanol.jpg\" class=\"attachment-full size-full lazyload\" alt=\"\" data-srcset=\"https:\/\/qtgc.com\/menu\/wp-content\/uploads\/2026\/04\/IV-Concurso-de-criadores-caballo-espanol.jpg 1080w, https:\/\/qtgc.com\/menu\/wp-content\/uploads\/2026\/04\/IV-Concurso-de-criadores-caballo-espanol-300x300.jpg 300w, https:\/\/qtgc.com\/menu\/wp-content\/uploads\/2026\/04\/IV-Concurso-de-criadores-caballo-espanol-1024x1024.jpg 1024w, https:\/\/qtgc.com\/menu\/wp-content\/uploads\/2026\/04\/IV-Concurso-de-criadores-caballo-espanol-150x150.jpg 150w, https:\/\/qtgc.com\/menu\/wp-content\/uploads\/2026\/04\/IV-Concurso-de-criadores-caballo-espanol-768x768.jpg 768w\" data-sizes=\"(max-width: 1080px) 100vw, 1080px\" src=\"data:image\/svg+xml;base64,PHN2ZyB3aWR0aD0iMSIgaGVpZ2h0PSIxIiB4bWxucz0iaHR0cDovL3d3dy53My5vcmcvMjAwMC9zdmciPjwvc3ZnPg==\" style=\"--smush-placeholder-width: 1080px; --smush-placeholder-aspect-ratio: 1080\/1080;\" \/><\/a>\t\t\t\t<\/div>\n\t\t\t\t<\/div>\n\t\t\t\t<div class=\"elementor-element elementor-element-4e18a0e elementor-widget elementor-widget-cartelera_image_expiration_only_widget\" data-id=\"4e18a0e\" data-element_type=\"widget\" data-e-type=\"widget\" data-widget_type=\"cartelera_image_expiration_only_widget.default\">\n\t\t\t\t<div class=\"elementor-widget-container\">\n\t\t\t\t\t<a href='https:\/\/qtgc.com\/menu\/wp-content\/uploads\/2025\/09\/Escuelas_QTGC.jpg'><img decoding=\"async\" width=\"1200\" height=\"1200\" data-src=\"https:\/\/qtgc.com\/menu\/wp-content\/uploads\/2025\/09\/Escuelas_QTGC.jpg\" class=\"attachment-full size-full lazyload\" alt=\"\" data-srcset=\"https:\/\/qtgc.com\/menu\/wp-content\/uploads\/2025\/09\/Escuelas_QTGC.jpg 1200w, https:\/\/qtgc.com\/menu\/wp-content\/uploads\/2025\/09\/Escuelas_QTGC-300x300.jpg 300w, https:\/\/qtgc.com\/menu\/wp-content\/uploads\/2025\/09\/Escuelas_QTGC-1024x1024.jpg 1024w, https:\/\/qtgc.com\/menu\/wp-content\/uploads\/2025\/09\/Escuelas_QTGC-150x150.jpg 150w, https:\/\/qtgc.com\/menu\/wp-content\/uploads\/2025\/09\/Escuelas_QTGC-768x768.jpg 768w, https:\/\/qtgc.com\/menu\/wp-content\/uploads\/2025\/09\/elementor\/thumbs\/Escuelas_QTGC-rb6nt20fnokpm3kdwa6if99izx8hmiatie1zknp38g.jpg 400w\" data-sizes=\"(max-width: 1200px) 100vw, 1200px\" src=\"data:image\/svg+xml;base64,PHN2ZyB3aWR0aD0iMSIgaGVpZ2h0PSIxIiB4bWxucz0iaHR0cDovL3d3dy53My5vcmcvMjAwMC9zdmciPjwvc3ZnPg==\" style=\"--smush-placeholder-width: 1200px; --smush-placeholder-aspect-ratio: 1200\/1200;\" \/><\/a>\t\t\t\t<\/div>\n\t\t\t\t<\/div>\n\t\t\t\t<div class=\"elementor-element elementor-element-e208ad3 elementor-widget elementor-widget-cartelera_image_expiration_only_widget\" data-id=\"e208ad3\" data-element_type=\"widget\" data-e-type=\"widget\" data-widget_type=\"cartelera_image_expiration_only_widget.default\">\n\t\t\t\t<div class=\"elementor-widget-container\">\n\t\t\t\t\t<a href='https:\/\/qtgc.com\/menu\/wp-content\/uploads\/2026\/04\/Save-the-date-dia-de-la-madre.jpg'><img decoding=\"async\" width=\"1080\" height=\"1080\" data-src=\"https:\/\/qtgc.com\/menu\/wp-content\/uploads\/2026\/04\/Save-the-date-dia-de-la-madre.jpg\" class=\"attachment-full size-full lazyload\" alt=\"\" data-srcset=\"https:\/\/qtgc.com\/menu\/wp-content\/uploads\/2026\/04\/Save-the-date-dia-de-la-madre.jpg 1080w, https:\/\/qtgc.com\/menu\/wp-content\/uploads\/2026\/04\/Save-the-date-dia-de-la-madre-300x300.jpg 300w, https:\/\/qtgc.com\/menu\/wp-content\/uploads\/2026\/04\/Save-the-date-dia-de-la-madre-1024x1024.jpg 1024w, https:\/\/qtgc.com\/menu\/wp-content\/uploads\/2026\/04\/Save-the-date-dia-de-la-madre-150x150.jpg 150w, https:\/\/qtgc.com\/menu\/wp-content\/uploads\/2026\/04\/Save-the-date-dia-de-la-madre-768x768.jpg 768w\" data-sizes=\"(max-width: 1080px) 100vw, 1080px\" src=\"data:image\/svg+xml;base64,PHN2ZyB3aWR0aD0iMSIgaGVpZ2h0PSIxIiB4bWxucz0iaHR0cDovL3d3dy53My5vcmcvMjAwMC9zdmciPjwvc3ZnPg==\" style=\"--smush-placeholder-width: 1080px; --smush-placeholder-aspect-ratio: 1080\/1080;\" \/><\/a>\t\t\t\t<\/div>\n\t\t\t\t<\/div>\n\t\t\t\t<div class=\"elementor-element elementor-element-105cd9c elementor-widget elementor-widget-cartelera_image_expiration_only_widget\" data-id=\"105cd9c\" data-element_type=\"widget\" data-e-type=\"widget\" data-widget_type=\"cartelera_image_expiration_only_widget.default\">\n\t\t\t\t<div class=\"elementor-widget-container\">\n\t\t\t\t\t<a href='https:\/\/qtgc.com\/menu\/wp-content\/uploads\/2026\/04\/Cargadores-autos-electricos-tipos.jpg'><img decoding=\"async\" width=\"1200\" height=\"1200\" data-src=\"https:\/\/qtgc.com\/menu\/wp-content\/uploads\/2026\/04\/Cargadores-autos-electricos-tipos.jpg\" class=\"attachment-full size-full lazyload\" alt=\"\" data-srcset=\"https:\/\/qtgc.com\/menu\/wp-content\/uploads\/2026\/04\/Cargadores-autos-electricos-tipos.jpg 1200w, https:\/\/qtgc.com\/menu\/wp-content\/uploads\/2026\/04\/Cargadores-autos-electricos-tipos-300x300.jpg 300w, https:\/\/qtgc.com\/menu\/wp-content\/uploads\/2026\/04\/Cargadores-autos-electricos-tipos-1024x1024.jpg 1024w, https:\/\/qtgc.com\/menu\/wp-content\/uploads\/2026\/04\/Cargadores-autos-electricos-tipos-150x150.jpg 150w, https:\/\/qtgc.com\/menu\/wp-content\/uploads\/2026\/04\/Cargadores-autos-electricos-tipos-768x768.jpg 768w\" data-sizes=\"(max-width: 1200px) 100vw, 1200px\" src=\"data:image\/svg+xml;base64,PHN2ZyB3aWR0aD0iMSIgaGVpZ2h0PSIxIiB4bWxucz0iaHR0cDovL3d3dy53My5vcmcvMjAwMC9zdmciPjwvc3ZnPg==\" style=\"--smush-placeholder-width: 1200px; --smush-placeholder-aspect-ratio: 1200\/1200;\" \/><\/a>\t\t\t\t<\/div>\n\t\t\t\t<\/div>\n\t\t\t\t<div class=\"elementor-element elementor-element-601b991 elementor-widget elementor-widget-cartelera_image_expiration_only_widget\" data-id=\"601b991\" data-element_type=\"widget\" data-e-type=\"widget\" data-widget_type=\"cartelera_image_expiration_only_widget.default\">\n\t\t\t\t<div class=\"elementor-widget-container\">\n\t\t\t\t\t<a href='https:\/\/qtgc.com\/menu\/wp-content\/uploads\/2026\/02\/SportBarQTGC-1.jpg'><img decoding=\"async\" width=\"1200\" height=\"1237\" data-src=\"https:\/\/qtgc.com\/menu\/wp-content\/uploads\/2026\/02\/SportBarQTGC-1.jpg\" class=\"attachment-full size-full lazyload\" alt=\"\" data-srcset=\"https:\/\/qtgc.com\/menu\/wp-content\/uploads\/2026\/02\/SportBarQTGC-1.jpg 1200w, https:\/\/qtgc.com\/menu\/wp-content\/uploads\/2026\/02\/SportBarQTGC-1-291x300.jpg 291w, https:\/\/qtgc.com\/menu\/wp-content\/uploads\/2026\/02\/SportBarQTGC-1-993x1024.jpg 993w, https:\/\/qtgc.com\/menu\/wp-content\/uploads\/2026\/02\/SportBarQTGC-1-768x792.jpg 768w\" data-sizes=\"(max-width: 1200px) 100vw, 1200px\" src=\"data:image\/svg+xml;base64,PHN2ZyB3aWR0aD0iMSIgaGVpZ2h0PSIxIiB4bWxucz0iaHR0cDovL3d3dy53My5vcmcvMjAwMC9zdmciPjwvc3ZnPg==\" style=\"--smush-placeholder-width: 1200px; --smush-placeholder-aspect-ratio: 1200\/1237;\" \/><\/a>\t\t\t\t<\/div>\n\t\t\t\t<\/div>\n\t\t\t\t<div class=\"elementor-element elementor-element-7228805 elementor-widget elementor-widget-cartelera_image_expiration_only_widget\" data-id=\"7228805\" data-element_type=\"widget\" data-e-type=\"widget\" data-widget_type=\"cartelera_image_expiration_only_widget.default\">\n\t\t\t\t<div class=\"elementor-widget-container\">\n\t\t\t\t\t<a href='https:\/\/qtgc.com\/menu\/wp-content\/uploads\/2026\/02\/Accesosweb.jpg'><img decoding=\"async\" width=\"1200\" height=\"1200\" data-src=\"https:\/\/qtgc.com\/menu\/wp-content\/uploads\/2026\/02\/Accesosweb.jpg\" class=\"attachment-full size-full lazyload\" alt=\"\" data-srcset=\"https:\/\/qtgc.com\/menu\/wp-content\/uploads\/2026\/02\/Accesosweb.jpg 1200w, https:\/\/qtgc.com\/menu\/wp-content\/uploads\/2026\/02\/Accesosweb-300x300.jpg 300w, https:\/\/qtgc.com\/menu\/wp-content\/uploads\/2026\/02\/Accesosweb-1024x1024.jpg 1024w, https:\/\/qtgc.com\/menu\/wp-content\/uploads\/2026\/02\/Accesosweb-150x150.jpg 150w, https:\/\/qtgc.com\/menu\/wp-content\/uploads\/2026\/02\/Accesosweb-768x768.jpg 768w\" data-sizes=\"(max-width: 1200px) 100vw, 1200px\" src=\"data:image\/svg+xml;base64,PHN2ZyB3aWR0aD0iMSIgaGVpZ2h0PSIxIiB4bWxucz0iaHR0cDovL3d3dy53My5vcmcvMjAwMC9zdmciPjwvc3ZnPg==\" style=\"--smush-placeholder-width: 1200px; --smush-placeholder-aspect-ratio: 1200\/1200;\" \/><\/a>\t\t\t\t<\/div>\n\t\t\t\t<\/div>\n\t\t\t\t<div class=\"elementor-element elementor-element-055f70e elementor-widget elementor-widget-cartelera_image_expiration_only_widget\" data-id=\"055f70e\" data-element_type=\"widget\" data-e-type=\"widget\" data-widget_type=\"cartelera_image_expiration_only_widget.default\">\n\t\t\t\t<div class=\"elementor-widget-container\">\n\t\t\t\t\t<a href='https:\/\/qtgc.com\/menu\/wp-content\/uploads\/2026\/02\/Accesos2web.jpg'><img decoding=\"async\" width=\"1200\" height=\"1200\" data-src=\"https:\/\/qtgc.com\/menu\/wp-content\/uploads\/2026\/02\/Accesos2web.jpg\" class=\"attachment-full size-full lazyload\" alt=\"\" data-srcset=\"https:\/\/qtgc.com\/menu\/wp-content\/uploads\/2026\/02\/Accesos2web.jpg 1200w, https:\/\/qtgc.com\/menu\/wp-content\/uploads\/2026\/02\/Accesos2web-300x300.jpg 300w, https:\/\/qtgc.com\/menu\/wp-content\/uploads\/2026\/02\/Accesos2web-1024x1024.jpg 1024w, https:\/\/qtgc.com\/menu\/wp-content\/uploads\/2026\/02\/Accesos2web-150x150.jpg 150w, https:\/\/qtgc.com\/menu\/wp-content\/uploads\/2026\/02\/Accesos2web-768x768.jpg 768w\" data-sizes=\"(max-width: 1200px) 100vw, 1200px\" src=\"data:image\/svg+xml;base64,PHN2ZyB3aWR0aD0iMSIgaGVpZ2h0PSIxIiB4bWxucz0iaHR0cDovL3d3dy53My5vcmcvMjAwMC9zdmciPjwvc3ZnPg==\" style=\"--smush-placeholder-width: 1200px; --smush-placeholder-aspect-ratio: 1200\/1200;\" \/><\/a>\t\t\t\t<\/div>\n\t\t\t\t<\/div>\n\t\t\t\t<div class=\"elementor-element elementor-element-57c1c93 elementor-widget elementor-widget-cartelera_image_expiration_only_widget\" data-id=\"57c1c93\" data-element_type=\"widget\" data-e-type=\"widget\" data-widget_type=\"cartelera_image_expiration_only_widget.default\">\n\t\t\t\t<div class=\"elementor-widget-container\">\n\t\t\t\t\t<a href='https:\/\/qtgc.com\/menu\/wp-content\/uploads\/2026\/03\/Recordatorio-Canal-de-Whatsapp.jpg'><img decoding=\"async\" width=\"1200\" height=\"1200\" data-src=\"https:\/\/qtgc.com\/menu\/wp-content\/uploads\/2026\/03\/Recordatorio-Canal-de-Whatsapp.jpg\" class=\"attachment-full size-full lazyload\" alt=\"\" data-srcset=\"https:\/\/qtgc.com\/menu\/wp-content\/uploads\/2026\/03\/Recordatorio-Canal-de-Whatsapp.jpg 1200w, https:\/\/qtgc.com\/menu\/wp-content\/uploads\/2026\/03\/Recordatorio-Canal-de-Whatsapp-300x300.jpg 300w, https:\/\/qtgc.com\/menu\/wp-content\/uploads\/2026\/03\/Recordatorio-Canal-de-Whatsapp-1024x1024.jpg 1024w, https:\/\/qtgc.com\/menu\/wp-content\/uploads\/2026\/03\/Recordatorio-Canal-de-Whatsapp-150x150.jpg 150w, https:\/\/qtgc.com\/menu\/wp-content\/uploads\/2026\/03\/Recordatorio-Canal-de-Whatsapp-768x768.jpg 768w\" data-sizes=\"(max-width: 1200px) 100vw, 1200px\" src=\"data:image\/svg+xml;base64,PHN2ZyB3aWR0aD0iMSIgaGVpZ2h0PSIxIiB4bWxucz0iaHR0cDovL3d3dy53My5vcmcvMjAwMC9zdmciPjwvc3ZnPg==\" style=\"--smush-placeholder-width: 1200px; --smush-placeholder-aspect-ratio: 1200\/1200;\" \/><\/a>\t\t\t\t<\/div>\n\t\t\t\t<\/div>\n\t\t\t\t<\/div>\n\t\t\t\t<\/div>\n\t\t\t\t<\/div>\n\t\t\t\t<\/div>\n\t\t","protected":false},"excerpt":{"rendered":"<p>NOTICIAS Te mantendremos al tanto de nuestra agenda de fin de semana, notificaciones, oferta gastron\u00f3mica, convocatorias y mucho m\u00e1s. En el QTGC la Comunicaci\u00f3n es importante. Noticias Deportivas<\/p>\n","protected":false},"author":1,"featured_media":0,"parent":0,"menu_order":0,"comment_status":"closed","ping_status":"closed","template":"","meta":{"footnotes":""},"class_list":["post-2080","page","type-page","status-publish","hentry"],"_links":{"self":[{"href":"https:\/\/qtgc.com\/menu\/wp-json\/wp\/v2\/pages\/2080","targetHints":{"allow":["GET"]}}],"collection":[{"href":"https:\/\/qtgc.com\/menu\/wp-json\/wp\/v2\/pages"}],"about":[{"href":"https:\/\/qtgc.com\/menu\/wp-json\/wp\/v2\/types\/page"}],"author":[{"embeddable":true,"href":"https:\/\/qtgc.com\/menu\/wp-json\/wp\/v2\/users\/1"}],"replies":[{"embeddable":true,"href":"https:\/\/qtgc.com\/menu\/wp-json\/wp\/v2\/comments?post=2080"}],"version-history":[{"count":256,"href":"https:\/\/qtgc.com\/menu\/wp-json\/wp\/v2\/pages\/2080\/revisions"}],"predecessor-version":[{"id":4008,"href":"https:\/\/qtgc.com\/menu\/wp-json\/wp\/v2\/pages\/2080\/revisions\/4008"}],"wp:attachment":[{"href":"https:\/\/qtgc.com\/menu\/wp-json\/wp\/v2\/media?parent=2080"}],"curies":[{"name":"wp","href":"https:\/\/api.w.org\/{rel}","templated":true}]}}